 greatest common divisor of x and u?
28
Let h = -25 + 27. Suppose -190 = -3*o + 2*c, -h*c + 0*c = 4. Calculate the greatest common factor of 93 and o.
31
Suppose -1 = -u, 4*u + 12 - 38 = -2*h. Suppose -2*z - 25 = -3*a, 2*a + h = -4*z + 33. What is the greatest common divisor of 63 and a?
9
Let g = -15 + 14. Let t be (6 + 6)*(0 - g). Suppose 3*b - 240 = -b. What is the greatest common factor of t and b?
12
Suppose 546 + 70 = 7*i. Suppose 2*s + i = -3*o - o, 0 = 5*o + 15. Let k be (s/6)/(10/(-60)). Calculate the highest common factor of 304 and k.
38
Let z = -1797 - -1852. What is the highest common divisor of z and 10?
5
Let p(x) = -x**3 + 31*x**2 + 66*x + 14. Let s be p(33). Let w be (-5 - -8) + (-9)/(-1). Suppose -a + w = -114. What is the highest common divisor of s and a?
14
Let r = 1117 - 931. Calculate the highest common divisor of r and 6.
6
Suppose -16*y + 194 = -638. What is the greatest common divisor of y and 91?
13
Let g = -4 - -8. Let t(s) = -294*s + 9150. Let r be t(31). What is the greatest common divisor of g and r?
4
Let l = -15 - -199. Suppose l = 3*z + z - 2*j, 4*j + 128 = 3*z. Calculate the greatest common divisor of 6 and z.
6
Let g(w) be the second derivative of w**4/6 - 2*w**3/3 + w**2 + 10*w. Let m be g(-5). What is the greatest common factor of 8 and m?
8
Suppose -4*l + 13 + 15 = 0. Let b(j) = -2*j + 17. Let y be b(l). Suppose -a + y*a - 20 = -2*s, -22 = -3*a - s. Calculate the highest common divisor of 48 and a.
6
Let f be -7*(12/(-21))/(16/648). Calculate the greatest common divisor of 270 and f.
54
Suppose -11*o = -5*o - 288. Suppose i - 15 = 9. What is the greatest common factor of o and i?
24
Let y be 28 + -12 + 2/(-5 + 3). Calculate the greatest common divisor of 120 and y.
15
Let i(b) = -52*b + 8. Let p be i(-2). Calculate the greatest common factor of 7 and p.
7
Let h = 16 - 9. Suppose 12*l = h*l. Suppose -3*q + 48 = -b + 5*b, l = -5*q + 20. What is the highest common divisor of 45 and b?
9
Let a = 241 - 201. Suppose 0 = 5*q + 5, 2*f = 3*f - 3*q - 8. Calculate the highest common divisor of f and a.
5
Let g(i) be the third derivative of i**4/8 - 5*i**3/6 + 4*i**2. Let w be g(4). What is the highest common divisor of 70 and w?
7
Let o = -3057 - -3211. What is the highest common divisor of o and 385?
77
Let s = 653 + -587. Let w(u) = 7*u + 5. Let b be w(4). What is the greatest common divisor of s and b?
33
Suppose -3*j = -i - 4, j + 2*j - 8 = 5*i. Suppose 3*g = -3*y + 18, -g - 16*y = -14*y - 3. What is the greatest common factor of g and j?
1
Suppose 0 = -2*t + 48 + 72. Suppose -3*o + 5*j = -4*o - 12, 0 = -4*o + 2*j + 18. Let y = o - -12. What is the greatest common divisor of y and t?
15
Let p(k) = -182*k - 552. Let f be p(-9). Calculate the highest common factor of f and 6.
6
Let f(w) = -2*w**2 - 2*w + 8. Let l(t) = -3*t**2 - 3*t + 9. Let b(g) = 4*f(g) - 3*l(g). Let z be b(0). What is the highest common divisor of z and 10?
5
Suppose 0 = f - 5*i + 9 - 0, -3*f + 3*i = -33. What is the highest common divisor of 608 and f?
16
Let g(h) be the third derivative of h**5/30 + 10*h**3/3 - 9*h**2. Let l be g(0). Calculate the highest common factor of 4 and l.
4
Let f(x) = 52*x + 56. Let s be f(4). Calculate the greatest common divisor of 24 and s.
24
Suppose -28 = -4*k + 2*h, 18 = k + 2*h + 3*h. Let f be 4 + 4 + (0 - -80). Calculate the greatest common factor of f and k.
8
Suppose 2*r - 45 = -4*q + 143, 4*r = 4*q + 316. Let g = 4 + r. What is the greatest common divisor of 8 and g?
8
Let y(x) = -x**3 + x**2 - 7*x - 22. Let f be y(-2). Calculate the highest common factor of 676 and f.
4
Suppose 4*h - 7*z - 50 = -2*z, 0 = 2*z + 4. Calculate the greatest common factor of h and 80.
10
Let k be (-18)/(-4) - 5/10. Let o(m) = -m - m - 1 + k*m**2 + 0*m. Let l be o(-1). Calculate the greatest common divisor of l and 25.
5
Let r(n) = n**2 - 17*n + 69. Let w be r(11). Suppose 3*h - 112 = 50. What is the highest common factor of h and w?
3
Suppose 2*r = 5*r - 39. Let d(t) = -t**3 + 15*t**2 - 17*t - 5. Let s be d(r). Calculate the highest common factor of s and 16.
16
Let t be (-9)/6*(-4 + 2). Let d = t + 6. Let x be 1 - (-80 + -1 + 1). Calculate the highest common divisor of x and d.
9
Let w = -158 + 188. Calculate the highest common divisor of 50 and w.
10
Let t be 32/(((-3)/4)/(-3)). Let y(u) = 36*u - 380. Let v be y(11). What is the greatest common divisor of v and t?
16
Suppose -2*n + 8 = x, -3*n + n + 8 = -x. Let c be -104*((n - 1) + -4). Calculate the greatest common divisor of c and 13.
13
Suppose -w + 20 = 3*w. Let p(b) = b**3 - 7*b**2 + 5*b + 7. Let y be p(w). Let r = y - -22. What is the greatest common factor of r and 6?
2
Let j = -478 - -998. Calculate the greatest common divisor of j and 160.
40
Suppose 24*o - 4854 - 3570 = 0. Calculate the greatest common divisor of 117 and o.
117
Let r(v) = v**3 + 15*v**2 - 2*v. Let j be r(-15). What is the highest common factor of 240 and j?
30
Let l be (54/21)/((-3)/(-7)). Calculate the highest common divisor of 4 and l.
2
Let n = 81 + -76. Suppose 0*l - 14 = -n*b + 2*l, -4*b + 1 = -5*l. Calculate the greatest common factor of b and 44.
4
Let o = 69 - 41. Let c = 145 + -103. What is the greatest common divisor of o and c?
14
Let k(n) = -68*n - 100. Let q be k(-2). Let b = -21 + 30. What is the greatest common factor of b and q?
9
Let n be -1 - (-1 - 97)/2. Suppose 32 = -4*x + 6*x + 2*u, -5*u + 68 = 4*x. What is the highest common divisor of x and n?
12
Let j = 18 - 16. Suppose o - 74 = -0*f + j*f, 0 = -3*o + f + 212. Suppose -3*m + 56 = -o. What is the highest common factor of 105 and m?
21
Let z(u) = -u**2 - 7*u + 4. Let w be z(-4). Suppose 0 = -w*c + 12*c + 104. What is the highest common divisor of c and 208?
26
Let t be (3416/20 - -5) + (-4)/5. Let c = -163 + t. Calculate the greatest common divisor of 48 and c.
12
Let o = -405 - -420. Calculate the highest common factor of o and 240.
15
Let c = -14 + 41. Let u be (2/(-4))/((-1)/(-12)). Let j be 18*(-2 - c/u). Calculate the highest common divisor of j and 18.
9
Let a(n) = n + 2. Let m be a(7). Calculate the greatest common divisor of 1251 and m.
9
Suppose 9*p = 6*p - 5*t + 300, 0 = -3*p + 3*t + 300. Calculate the greatest common divisor of 1150 and p.
50
Let c = 23 + -8. Suppose -5*g + 62 = u + c, 3*g + 207 = 5*u. Suppose 0*j = -j + u. Calculate the greatest common factor of 21 and j.
21
Let b = 748 - 738. What is the greatest common divisor of 130 and b?
10
Let g be 562/(-10) + 92/(-115). Let d = -27 - g. Calculate the greatest common divisor of 12 and d.
6
Suppose -19*h = -20*h + 7. Let r(a) = 0 + 5 - h - 7*a. Let u be r(-1). Calculate the greatest common divisor of 25 and u.
5
Suppose -14*k + 28*k = 392. What is the highest common divisor of k and 1134?
14
Let b(l) = -5*l + 28. Let z be b(0). What is the greatest common divisor of 308 and z?
28
Suppose 4*h - 33 = h. Suppose 0 = -y + 5*u - 13, 4*y + 4*u + 28 = -0*u. Let w be (-42)/(-4) - (y + (-90)/(-12)). What is the highest common factor of w and h?
11
Let a be 1 + -2 - 87/3. Let y = a + 58. What is the highest common factor of 8 and y?
4
Let w = -331 + 463. Calculate the highest common divisor of 12 and w.
12
Let w be (0 - 30)/(-2 + 1). Let l(b) = -b**3 - 16*b**2 + 4*b + 184. Let r be l(-16). Calculate the highest common factor of r and w.
30
Let u(q) = q + 17. Let s be u(0). Suppose 97 = 4*a - n - 243, -a = 3*n - 85. What is the greatest common divisor of a and s?
17
Let f be (4/(-16))/((2 + 1)/(-1524)). Suppose 3*d + f - 559 = 0. Calculate the greatest common divisor of d and 36.
36
Let f be ((-208)/80)/((-1)/5). Suppose -4*o - 18 = 2*r, -o = -r + 2*o - 9. Let i be r/(-6)*(-52)/(-3). Calculate the greatest common divisor of i and f.
13
Let t = 17 - -1. Suppose -4*w - r + 100 = 0, -132 = 11*w - 16*w - 3*r. Calculate the highest common factor of w and t.
6
Suppose 0 = -0*f + 4*f - 80. Let y = -17 + f. Suppose -a = 3*k + 2, 4 = -k - y*a - 10. Calculate the greatest common factor of k and 9.
1
Let y = 48 + -6. Let i be 28/(1*-2*22/(-44)). What is the greatest common divisor of i and y?
14
Let u(i) = -i**2 - 11*i - 4. Let h be u(-5). Let t = 38 - h. Suppose t + 8 = f. What is the highest common factor of 2 and f?
2
Let a(s) = s**2 + 2*s - 4. Let p be a(-4). Suppose -5 = -5